444 and 114396?
12
What is the greatest common divisor of 345 and 770247?
69
Calculate the greatest common divisor of 206760 and 30.
30
Calculate the greatest common factor of 5061 and 62178.
723
Calculate the greatest common factor of 1 and 23813.
1
Calculate the highest common factor of 394196 and 496.
124
What is the highest common divisor of 3852 and 8730?
18
Calculate the highest common divisor of 20 and 2389680.
20
Calculate the greatest common factor of 215473 and 43.
43
Calculate the highest common factor of 178 and 34354.
178
Calculate the greatest common factor of 2451 and 19038.
57
Calculate the highest common divisor of 3 and 327633.
3
Calculate the greatest common factor of 132 and 1536.
12
Calculate the greatest common divisor of 16074 and 752.
94
Calculate the greatest common factor of 30176 and 128.
32
Calculate the greatest common divisor of 836 and 1804.
44
Calculate the greatest common factor of 245726 and 338.
338
Calculate the highest common factor of 21454 and 160274.
1262
What is the greatest common factor of 9776 and 65?
13
What is the greatest common divisor of 549330 and 180?
30
What is the highest common factor of 7453 and 2842?
29
Calculate the greatest common divisor of 340 and 1224935.
85
What is the highest common divisor of 185688 and 414?
18
Calculate the greatest common factor of 1925702 and 148.
74
Calculate the highest common divisor of 847 and 2387.
77
Calculate the highest common factor of 315084 and 1122.
66
What is the greatest common factor of 75 and 2024475?
75
What is the greatest common factor of 13427 and 16530?
29
Calculate the greatest common divisor of 1001 and 6825.
91
What is the greatest common factor of 136 and 1031220?
68
What is the greatest common factor of 13665 and 60?
15
What is the greatest common factor of 90 and 71320?
10
What is the highest common divisor of 27974 and 1988?
142
What is the greatest common divisor of 3328 and 4341376?
1664
Calculate the highest common factor of 6 and 227958.
6
Calculate the highest common divisor of 1089 and 187.
11
Calculate the greatest common divisor of 58224 and 132.
12
Calculate the highest common factor of 6017 and 278423.
547
What is the highest common factor of 535 and 13589?
107
What is the highest common divisor of 51 and 24191?
17
Calculate the greatest common factor of 115610 and 22.
22
What is the highest common divisor of 14 and 216?
2
What is the greatest common divisor of 6 and 5138?
2
What is the greatest common factor of 778056 and 408?
408
What is the highest common divisor of 2372598 and 162?
54
Calculate the greatest common divisor of 857 and 3.
1
What is the highest common divisor of 210 and 2015700?
30
What is the greatest common factor of 133840 and 160?
80
What is the highest common factor of 68 and 16575?
17
What is the greatest common factor of 51212 and 3599?
59
Calculate the greatest common factor of 150968 and 4.
4
What is the highest common factor of 57 and 158175?
57
What is the greatest common factor of 30002 and 224?
14
What is the greatest common divisor of 48 and 39516?
12
What is the greatest common divisor of 598906 and 8008?
154
What is the highest common divisor of 1437714 and 27?
9
What is the highest common factor of 130 and 507182?
26
Calculate the highest common factor of 36 and 32652.
36
Calculate the greatest common factor of 21 and 79982.
7
Calculate the greatest common factor of 26104 and 1352.
104
Calculate the greatest common divisor of 1034000 and 48.
16
What is the highest common divisor of 8591 and 58927?
121
What is the greatest common divisor of 3186 and 104430?
354
Calculate the highest common factor of 146393 and 52.
13
Calculate the greatest common divisor of 21834 and 54.
18
What is the greatest common factor of 22 and 422?
2
What is the greatest common factor of 52 and 53052?
4
What is the highest common factor of 120 and 1370?
10
Calculate the highest common factor of 78280 and 1216.
152
Calculate the greatest common factor of 171 and 545661.
171
What is the highest common factor of 570 and 14357160?
570
Calculate the highest common divisor of 1054 and 4352.
34
What is the highest common divisor of 155980 and 385?
55
What is the highest common factor of 17736 and 1752?
24
What is the greatest common factor of 10478 and 3534?
62
What is the greatest common divisor of 40644 and 24?
12
Calculate the greatest common divisor of 3232 and 69892.
404
What is the highest common divisor of 18873 and 57318?
699
What is the highest common factor of 100170 and 42?
42
What is the highest common divisor of 188 and 285854?
94
What is the highest common factor of 29295 and 868?
217
Calculate the greatest common factor of 112 and 2120160.
112
Calculate the highest common divisor of 292 and 5913.
73
What is the highest common divisor of 30 and 7410?
30
What is the highest common factor of 9490 and 3055?
65
What is the highest common divisor of 171833 and 3374?
241
What is the greatest common divisor of 17 and 2005541?
17
What is the greatest common factor of 80 and 304208?
16
What is the highest common factor of 12 and 9276?
12
Calculate the greatest common factor of 14645 and 725.
145
Calculate the highest common factor of 135 and 1153305.
135
What is the highest common divisor of 2 and 2187?
1
Calculate the highest common divisor of 2410 and 3790.
10
Calculate the highest common factor of 264426 and 24.
6
Calculate the greatest common factor of 903 and 439804.
43
What is the highest common divisor of 1830 and 110?
10
What is the highest common divisor of 49881 and 1222?
13
Calculate the greatest common factor of 1440 and 7263.
9
What is the highest common divisor of 1385 and 95?
5
What is the highest common divisor of 46565 and 5?
5
Calculate the highest common factor of 156 and 11712.
12
What is the greatest common factor of 212 and 78334?
106
What is the highest common divisor of 47 and 137?
1
Calculate the highest common factor of 56 and 12131.
7
Calculate the greatest common factor of 1182288 and 12.
12
What is the greatest common divisor of 4687200 and 945?
945
Calculate the highest common factor of 198 and 36124.
22
What is the highest common divisor of 3 and 9285?
3
Calculate the greatest common factor of 6191939 and 871.
871
Calculate the highest common factor of 15776 and 2312.
136
What is the greatest common divisor of 50394 and 444?
222
Calculate the greatest common factor of 2052 and 3040.
76
Calculate the highest common factor of 6071724 and 828.
828
Calculate the greatest common divisor of 187292 and 14.
14
Calculate the highest common divisor of 108944 and 11142.
1238
Calculate the greatest common divisor of 12220 and 4160.
260
Calculate the highest common divisor of 262 and 393.
131
What is the greatest common divisor of 34 and 26738?
2
What is the greatest common divisor of 758691 and 3?
3
Calculate the greatest common divisor of 6528 and 2091.
51
What is the highest common factor of 6 and 2024790?
6
Calculate the highest common factor of 148 and 4516220.
148
What is the greatest common divisor of 8656 and 368?
16
What is the greatest common divisor of 2834 and 10530?
26
What is the greatest common factor of 329546 and 8?
2
Calculate the highest common factor of 88832 and 4511.
347
What is the highest common divisor of 338 and 1688986?
338
Calculate the highest common divisor of 55592 and 1024.
8
What is the highest common divisor of 415 and 25647?
83
What is the greatest common factor of 6716 and 1863?
23
What is the highest common divisor of 255 and 1717?
17
What is the highest common divisor of 1073 and 1813?
37
What is the greatest common factor of 11966540 and 103?
103
What is the greatest common divisor of 36 and 201684?
12
Calculate the greatest common factor of 11841735 and 2130.
1065
Calculate the greatest common factor of 2397 and 41871.
51
What is the highest common factor of 232906 and 101?
101
What is the highest common factor of 290817 and 243?
27
Calculate the highest common factor of 770 and 40348.
154
What is the highest common divisor of 10 and 309910?
10
What is the highest common factor of 9725803 and 23?
23
Calculate the greatest common divisor of 5494 and 14874.
134
Calculate the highest common factor of 1020 and 7055.
85
Calculate the greatest common factor of 45